{"id":3392,"date":"2023-07-31T20:39:54","date_gmt":"2023-07-31T20:39:54","guid":{"rendered":"https:\/\/www.tualianza.com.uy\/inicio\/?product=anillo-profesional-enfermeria"},"modified":"2026-01-29T13:36:38","modified_gmt":"2026-01-29T13:36:38","slug":"anillo-profesional-enfermeria","status":"publish","type":"product","link":"https:\/\/www.tualianza.com.uy\/inicio\/?product=anillo-profesional-enfermeria","title":{"rendered":"Anillo profesi\u00f3n enfermer\u00eda Plata y oro"},"content":{"rendered":"<p>Anillo profesional enfermer\u00eda Plata 925 y oro 9K , logo y aplique lateral mesa 12&#215;16<\/p>\n","protected":false},"excerpt":{"rendered":"<p>Anillo profesional enfermero\/enfermera, Plata 925 y oro 9K, completo logo, apliques y marco<\/p>\n","protected":false},"featured_media":4279,"template":"","meta":[],"product_brand":[],"product_cat":[21],"product_tag":[114,57,112,113],"class_list":{"0":"post-3392","1":"product","2":"type-product","3":"status-publish","4":"has-post-thumbnail","6":"product_cat-anillos-profesionales","7":"product_tag-anillo-profesion-enfermero","8":"product_tag-anillo-profesional","9":"product_tag-enfermera","10":"product_tag-enfermero","12":"first","13":"instock","14":"shipping-taxable","15":"purchasable","16":"product-type-simple"},"_links":{"self":[{"href":"https:\/\/www.tualianza.com.uy\/inicio\/index.php?rest_route=\/wp\/v2\/product\/3392","targetHints":{"allow":["GET"]}}],"collection":[{"href":"https:\/\/www.tualianza.com.uy\/inicio\/index.php?rest_route=\/wp\/v2\/product"}],"about":[{"href":"https:\/\/www.tualianza.com.uy\/inicio\/index.php?rest_route=\/wp\/v2\/types\/product"}],"wp:featuredmedia":[{"embeddable":true,"href":"https:\/\/www.tualianza.com.uy\/inicio\/index.php?rest_route=\/wp\/v2\/media\/4279"}],"wp:attachment":[{"href":"https:\/\/www.tualianza.com.uy\/inicio\/index.php?rest_route=%2Fwp%2Fv2%2Fmedia&parent=3392"}],"wp:term":[{"taxonomy":"product_brand","embeddable":true,"href":"https:\/\/www.tualianza.com.uy\/inicio\/index.php?rest_route=%2Fwp%2Fv2%2Fproduct_brand&post=3392"},{"taxonomy":"product_cat","embeddable":true,"href":"https:\/\/www.tualianza.com.uy\/inicio\/index.php?rest_route=%2Fwp%2Fv2%2Fproduct_cat&post=3392"},{"taxonomy":"product_tag","embeddable":true,"href":"https:\/\/www.tualianza.com.uy\/inicio\/index.php?rest_route=%2Fwp%2Fv2%2Fproduct_tag&post=3392"}],"curies":[{"name":"wp","href":"https:\/\/api.w.org\/{rel}","templated":true}]}}