{"id":10774,"date":"2025-12-28T17:48:30","date_gmt":"2025-12-28T17:48:30","guid":{"rendered":"https:\/\/www.tualianza.com.uy\/inicio\/?product=mate-ceramica-personalizado"},"modified":"2025-12-28T17:48:30","modified_gmt":"2025-12-28T17:48:30","slug":"mate-ceramica-personalizado","status":"publish","type":"product","link":"https:\/\/www.tualianza.com.uy\/inicio\/?product=mate-ceramica-personalizado","title":{"rendered":"Mate cer\u00e1mica personalizado"},"content":{"rendered":"<p>Mate cer\u00e1mica color negro o marr\u00f3n, forrado en cuero, personalizado, grabado l\u00e1ser<\/p>\n","protected":false},"excerpt":{"rendered":"<p>Mate cer\u00e1mica forrado en cuero, lo personalizamos<\/p>\n","protected":false},"featured_media":10773,"template":"","meta":[],"product_brand":[],"product_cat":[43],"product_tag":[460],"class_list":{"0":"post-10774","1":"product","2":"type-product","3":"status-publish","4":"has-post-thumbnail","6":"product_cat-mates-bombillas","7":"product_tag-mate-ceramica-personalizado","9":"first","10":"instock","11":"shipping-taxable","12":"purchasable","13":"product-type-simple"},"_links":{"self":[{"href":"https:\/\/www.tualianza.com.uy\/inicio\/index.php?rest_route=\/wp\/v2\/product\/10774","targetHints":{"allow":["GET"]}}],"collection":[{"href":"https:\/\/www.tualianza.com.uy\/inicio\/index.php?rest_route=\/wp\/v2\/product"}],"about":[{"href":"https:\/\/www.tualianza.com.uy\/inicio\/index.php?rest_route=\/wp\/v2\/types\/product"}],"wp:featuredmedia":[{"embeddable":true,"href":"https:\/\/www.tualianza.com.uy\/inicio\/index.php?rest_route=\/wp\/v2\/media\/10773"}],"wp:attachment":[{"href":"https:\/\/www.tualianza.com.uy\/inicio\/index.php?rest_route=%2Fwp%2Fv2%2Fmedia&parent=10774"}],"wp:term":[{"taxonomy":"product_brand","embeddable":true,"href":"https:\/\/www.tualianza.com.uy\/inicio\/index.php?rest_route=%2Fwp%2Fv2%2Fproduct_brand&post=10774"},{"taxonomy":"product_cat","embeddable":true,"href":"https:\/\/www.tualianza.com.uy\/inicio\/index.php?rest_route=%2Fwp%2Fv2%2Fproduct_cat&post=10774"},{"taxonomy":"product_tag","embeddable":true,"href":"https:\/\/www.tualianza.com.uy\/inicio\/index.php?rest_route=%2Fwp%2Fv2%2Fproduct_tag&post=10774"}],"curies":[{"name":"wp","href":"https:\/\/api.w.org\/{rel}","templated":true}]}}